Buscar

logcat

Esta é uma pré-visualização de arquivo. Entre para ver o arquivo original

--------- beginning of main
01-23 10:56:17.182 13214 13326 W LOTTIE : Animation contains merge paths. Merge paths are only supported on KitKat+ and must be manually enabled by calling enableMergePathsForKitKatAndAbove().
01-23 10:56:17.432 13214 13214 W LOTTIE : Animation contains merge paths but they are disabled.
01-23 10:56:17.969 13214 13214 E ArmVmp : Match on catch block at 0x5b in for 0x7c0d6e201d
01-23 10:56:17.979 13214 13214 E ArmVmp : Match on catch block at 0x5b in for 0x7c0d6e201d
01-23 10:56:18.001 13214 13214 E ArmVmp : Match on catch block at 0x5b in for 0x7c0d6e201d
01-23 10:56:18.001 13214 13214 W pool-6-thread-1: type=1400 audit(0.0:82390): avc: granted { execute } for path="/data/data/com.mbwhatsapp/files/decompressed/libs.spk.zst/libgifimage.so" dev="dm-11" ino=125854 scontext=u:r:untrusted_app:s0:c235,c256,c512,c768 tcontext=u:object_r:app_data_file:s0:c235,c256,c512,c768 tclass=file app=com.mbwhatsapp
01-23 10:56:18.022 13214 13214 E ArmVmp : Match on catch block at 0x5b in for 0x7c0d6e201d
01-23 10:56:19.940 13214 13214 E ArmVmp : Match on catch block at 0x0a in for 0x7c0d6e2035
01-23 10:56:19.961 13214 13214 W ziparchive: Unable to open '/data/app/~~tiGu8fZ5P_iF648myJle9g==/com.google.android.trichromelibrary_609923033-OC_lqpr7O35OjgvPP2sktg==/base.dm': No such file or directory
01-23 10:56:19.962 13214 13214 W ziparchive: Unable to open '/data/app/~~tiGu8fZ5P_iF648myJle9g==/com.google.android.trichromelibrary_609923033-OC_lqpr7O35OjgvPP2sktg==/base.dm': No such file or directory
01-23 10:56:19.963 13214 13214 W com.mbwhatsapp: Entry not found
01-23 10:56:19.967 13214 13214 W ziparchive: Unable to open '/apex/com.android.extservices/javalib/android.ext.adservices.dm': No such file or directory
01-23 10:56:19.967 13214 13214 W ziparchive: Unable to open '/apex/com.android.extservices/javalib/android.ext.adservices.dm': No such file or directory
01-23 10:56:20.393 13214 13497 W cr_media: BLUETOOTH_CONNECT permission is missing.
01-23 10:56:20.394 13214 13497 W cr_media: registerBluetoothIntentsIfNeeded: Requires BLUETOOTH permission
01-23 10:56:20.426 13214 13214 E ArmVmp : Match on catch block at 0x0a in for 0x7c0d6e2031
01-23 10:56:20.661 13214 13507 W AudioCapabilities: Unsupported mime audio/mpeg-L1
01-23 10:56:20.662 13214 13507 W AudioCapabilities: Unsupported mime audio/mpeg-L2
01-23 10:56:20.957 13214 13542 W ColorUtils: expected specified color aspects (2:0:0:0)
01-23 10:56:20.986 13214 13542 W Codec2Client: query -- param skipped: index = 1107298332.
01-23 10:56:20.986 13214 13542 W CCodec : This behavior is subject to change. It is recommended that app developers double check whether the requested max input size is in reasonable range.
01-23 10:56:20.991 13214 13542 W Codec2Client: query -- param skipped: index = 1342179345.
01-23 10:56:20.991 13214 13542 W Codec2Client: query -- param skipped: index = 2415921170.
01-23 10:56:20.991 13214 13542 W Codec2Client: query -- param skipped: index = 1610614798.
01-23 10:56:20.991 13214 13542 W Codec2Client: query -- param skipped: index = 2684356609.
01-23 10:56:21.002 13214 13542 E ion : ioctl c0044901 failed with code -1: Inappropriate ioctl for device
01-23 10:56:21.128 13214 13546 W libc : Access denied finding property "persist.vendor.sf.fbc"
01-23 10:56:21.128 13214 13546 W libc : Access denied finding property "persist.vendor.gpu.fbc"
01-23 10:56:21.128 13214 13546 W libc : Access denied finding property "persist.vendor.vsp.fbc"
01-23 10:56:21.329 13214 13214 W RenderThread: type=1400 audit(0.0:82401): avc: denied { getattr } for name="/" dev="dmabuf" ino=1 scontext=u:r:untrusted_app:s0:c235,c256,c512,c768 tcontext=u:object_r:unlabeled:s0 tclass=filesystem permissive=0 app=com.mbwhatsapp
01-23 10:56:21.557 13214 13214 W RenderThread: type=1400 audit(0.0:82403): avc: denied { getattr } for name="/" dev="dmabuf" ino=1 scontext=u:r:untrusted_app:s0:c235,c256,c512,c768 tcontext=u:object_r:unlabeled:s0 tclass=filesystem permissive=0 app=com.mbwhatsapp
01-23 10:56:21.565 13214 13214 W RenderThread: type=1400 audit(0.0:82404): avc: denied { getattr } for name="/" dev="dmabuf" ino=1 scontext=u:r:untrusted_app:s0:c235,c256,c512,c768 tcontext=u:object_r:unlabeled:s0 tclass=filesystem permissive=0 app=com.mbwhatsapp
01-23 10:56:21.573 13214 13214 W RenderThread: type=1400 audit(0.0:82405): avc: denied { getattr } for name="/" dev="dmabuf" ino=1 scontext=u:r:untrusted_app:s0:c235,c256,c512,c768 tcontext=u:object_r:unlabeled:s0 tclass=filesystem permissive=0 app=com.mbwhatsapp
01-23 10:56:21.585 13214 13214 W RenderThread: type=1400 audit(0.0:82406): avc: denied { getattr } for name="/" dev="dmabuf" ino=1 scontext=u:r:untrusted_app:s0:c235,c256,c512,c768 tcontext=u:object_r:unlabeled:s0 tclass=filesystem permissive=0 app=com.mbwhatsapp
01-23 10:56:21.601 13214 13214 W RenderThread: type=1400 audit(0.0:82407): avc: denied { getattr } for name="/" dev="dmabuf" ino=1 scontext=u:r:untrusted_app:s0:c235,c256,c512,c768 tcontext=u:object_r:unlabeled:s0 tclass=filesystem permissive=0 app=com.mbwhatsapp
01-23 10:56:22.573 13214 13214 W RenderThread: type=1400 audit(0.0:82465): avc: denied { getattr } for name="/" dev="dmabuf" ino=1 scontext=u:r:untrusted_app:s0:c235,c256,c512,c768 tcontext=u:object_r:unlabeled:s0 tclass=filesystem permissive=0 app=com.mbwhatsapp
01-23 10:56:22.589 13214 13214 W RenderThread: type=1400 audit(0.0:82466): avc: denied { getattr } for name="/" dev="dmabuf" ino=1 scontext=u:r:untrusted_app:s0:c235,c256,c512,c768 tcontext=u:object_r:unlabeled:s0 tclass=filesystem permissive=0 app=com.mbwhatsapp
01-23 10:56:22.617 13214 13214 W RenderThread: type=1400 audit(0.0:82467): avc: denied { getattr } for name="/" dev="dmabuf" ino=1 scontext=u:r:untrusted_app:s0:c235,c256,c512,c768 tcontext=u:object_r:unlabeled:s0 tclass=filesystem permissive=0 app=com.mbwhatsapp
01-23 10:56:22.649 13214 13214 W RenderThread: type=1400 audit(0.0:82468): avc: denied { getattr } for name="/" dev="dmabuf" ino=1 scontext=u:r:untrusted_app:s0:c235,c256,c512,c768 tcontext=u:object_r:unlabeled:s0 tclass=filesystem permissive=0 app=com.mbwhatsapp
01-23 10:56:22.685 13214 13214 W RenderThread: type=1400 audit(0.0:82469): avc: denied { getattr } for name="/" dev="dmabuf" ino=1 scontext=u:r:untrusted_app:s0:c235,c256,c512,c768 tcontext=u:object_r:unlabeled:s0 tclass=filesystem permissive=0 app=com.mbwhatsapp
01-23 10:56:23.585 13214 13214 W RenderThread: type=1400 audit(0.0:82496): avc: denied { getattr } for name="/" dev="dmabuf" ino=1 scontext=u:r:untrusted_app:s0:c235,c256,c512,c768 tcontext=u:object_r:unlabeled:s0 tclass=filesystem permissive=0 app=com.mbwhatsapp
01-23 10:56:23.621 13214 13214 W RenderThread: type=1400 audit(0.0:82497): avc: denied { getattr } for name="/" dev="dmabuf" ino=1 scontext=u:r:untrusted_app:s0:c235,c256,c512,c768 tcontext=u:object_r:unlabeled:s0 tclass=filesystem permissive=0 app=com.mbwhatsapp
01-23 10:56:23.653 13214 13214 W RenderThread: type=1400 audit(0.0:82498): avc: denied { getattr } for name="/" dev="dmabuf" ino=1 scontext=u:r:untrusted_app:s0:c235,c256,c512,c768 tcontext=u:object_r:unlabeled:s0 tclass=filesystem permissive=0 app=com.mbwhatsapp
01-23 10:56:23.685 13214 13214 W RenderThread: type=1400 audit(0.0:82499): avc: denied { getattr } for name="/" dev="dmabuf" ino=1 scontext=u:r:untrusted_app:s0:c235,c256,c512,c768 tcontext=u:object_r:unlabeled:s0 tclass=filesystem permissive=0 app=com.mbwhatsapp
01-23 10:56:23.721 13214 13214 W RenderThread: type=1400 audit(0.0:82500): avc: denied { getattr } for name="/" dev="dmabuf" ino=1 scontext=u:r:untrusted_app:s0:c235,c256,c512,c768 tcontext=u:object_r:unlabeled:s0 tclass=filesystem permissive=0 app=com.mbwhatsapp
01-23 10:56:24.589 13214 13214 W RenderThread: type=1400 audit(0.0:82529): avc: denied { getattr } for name="/" dev="dmabuf" ino=1 scontext=u:r:untrusted_app:s0:c235,c256,c512,c768 tcontext=u:object_r:unlabeled:s0 tclass=filesystem permissive=0 app=com.mbwhatsapp
01-23 10:56:24.613 13214 13214 W RenderThread: type=1400 audit(0.0:82530):
avc: denied { getattr } for name="/" dev="dmabuf" ino=1 scontext=u:r:untrusted_app:s0:c235,c256,c512,c768 tcontext=u:object_r:unlabeled:s0 tclass=filesystem permissive=0 app=com.mbwhatsapp
01-23 10:56:24.637 13214 13214 W RenderThread: type=1400 audit(0.0:82531): avc: denied { getattr } for name="/" dev="dmabuf" ino=1 scontext=u:r:untrusted_app:s0:c235,c256,c512,c768 tcontext=u:object_r:unlabeled:s0 tclass=filesystem permissive=0 app=com.mbwhatsapp
01-23 10:56:24.661 13214 13214 W RenderThread: type=1400 audit(0.0:82532): avc: denied { getattr } for name="/" dev="dmabuf" ino=1 scontext=u:r:untrusted_app:s0:c235,c256,c512,c768 tcontext=u:object_r:unlabeled:s0 tclass=filesystem permissive=0 app=com.mbwhatsapp
01-23 10:56:24.689 13214 13214 W RenderThread: type=1400 audit(0.0:82533): avc: denied { getattr } for name="/" dev="dmabuf" ino=1 scontext=u:r:untrusted_app:s0:c235,c256,c512,c768 tcontext=u:object_r:unlabeled:s0 tclass=filesystem permissive=0 app=com.mbwhatsapp
01-23 10:56:25.068 13214 13223 W com.mbwhatsapp: Cleared Reference was only reachable from finalizer (only reported once)
01-23 10:56:25.109 13214 13487 W cr_MediaCodecBridge: Releasing: c2.unisoc.hevc.decoder
01-23 10:56:25.123 13214 13541 E BufferQueueProducer: [ImageReader-1x1f22u256m2-13214-0](id:339e00000004,api:3,p:13214,c:13214) detachBuffer: slot 1 is not owned by the producer (state = FREE)
01-23 10:56:25.124 13214 13541 E BufferQueueProducer: [ImageReader-1x1f22u256m2-13214-0](id:339e00000004,api:3,p:13214,c:13214) detachBuffer: slot 2 is not owned by the producer (state = FREE)
01-23 10:56:25.124 13214 13541 E BufferQueueProducer: [ImageReader-1x1f22u256m2-13214-0](id:339e00000004,api:3,p:13214,c:13214) detachBuffer: slot 4 is not owned by the producer (state = FREE)
01-23 10:56:25.125 13214 13541 E BufferQueueProducer: [ImageReader-1x1f22u256m2-13214-0](id:339e00000004,api:3,p:13214,c:13214) detachBuffer: slot 6 is not owned by the producer (state = ACQUIRED)
01-23 10:56:25.125 13214 13541 E BufferQueueProducer: [ImageReader-1x1f22u256m2-13214-0](id:339e00000004,api:3,p:13214,c:13214) detachBuffer: slot 7 is not owned by the producer (state = QUEUED)
01-23 10:56:25.125 13214 13541 E BufferQueueProducer: [ImageReader-1x1f22u256m2-13214-0](id:339e00000004,api:3,p:13214,c:13214) detachBuffer: slot 8 is not owned by the producer (state = FREE)
01-23 10:56:25.125 13214 13541 E BufferQueueProducer: [ImageReader-1x1f22u256m2-13214-0](id:339e00000004,api:3,p:13214,c:13214) detachBuffer: slot 9 is not owned by the producer (state = FREE)
01-23 10:56:25.125 13214 13541 E BufferQueueProducer: [ImageReader-1x1f22u256m2-13214-0](id:339e00000004,api:3,p:13214,c:13214) detachBuffer: slot 10 is not owned by the producer (state = FREE)
01-23 10:56:25.125 13214 13541 E BufferQueueProducer: [ImageReader-1x1f22u256m2-13214-0](id:339e00000004,api:3,p:13214,c:13214) detachBuffer: slot 11 is not owned by the producer (state = FREE)
01-23 10:56:25.125 13214 13541 E BufferQueueProducer: [ImageReader-1x1f22u256m2-13214-0](id:339e00000004,api:3,p:13214,c:13214) detachBuffer: slot 12 is not owned by the producer (state = FREE)
01-23 10:56:25.125 13214 13541 E BufferQueueProducer: [ImageReader-1x1f22u256m2-13214-0](id:339e00000004,api:3,p:13214,c:13214) detachBuffer: slot 13 is not owned by the producer (state = FREE)
01-23 10:56:25.126 13214 13541 E BufferQueueProducer: [ImageReader-1x1f22u256m2-13214-0](id:339e00000004,api:3,p:13214,c:13214) detachBuffer: slot 15 is not owned by the producer (state = FREE)
01-23 10:56:25.126 13214 13541 E BufferQueueProducer: [ImageReader-1x1f22u256m2-13214-0](id:339e00000004,api:3,p:13214,c:13214) detachBuffer: slot 16 is not owned by the producer (state = FREE)
01-23 10:56:25.126 13214 13541 E BufferQueueProducer: [ImageReader-1x1f22u256m2-13214-0](id:339e00000004,api:3,p:13214,c:13214) detachBuffer: slot 17 is not owned by the producer (state = FREE)
01-23 10:56:25.126 13214 13541 E BufferQueueProducer: [ImageReader-1x1f22u256m2-13214-0](id:339e00000004,api:3,p:13214,c:13214) detachBuffer: slot 18 is not owned by the producer (state = FREE)
01-23 10:56:25.126 13214 13541 E BufferQueueProducer: [ImageReader-1x1f22u256m2-13214-0](id:339e00000004,api:3,p:13214,c:13214) detachBuffer: slot 19 is not owned by the producer (state = FREE)
01-23 10:56:25.126 13214 13541 E BufferQueueProducer: [ImageReader-1x1f22u256m2-13214-0](id:339e00000004,api:3,p:13214,c:13214) detachBuffer: slot 20 is not owned by the producer (state = FREE)
01-23 10:56:25.126 13214 13541 E BufferQueueProducer: [ImageReader-1x1f22u256m2-13214-0](id:339e00000004,api:3,p:13214,c:13214) detachBuffer: slot 21 is not owned by the producer (state = FREE)
01-23 10:56:25.126 13214 13541 E BufferQueueProducer: [ImageReader-1x1f22u256m2-13214-0](id:339e00000004,api:3,p:13214,c:13214) detachBuffer: slot 22 is not owned by the producer (state = FREE)
01-23 10:56:25.126 13214 13541 E BufferQueueProducer: [ImageReader-1x1f22u256m2-13214-0](id:339e00000004,api:3,p:13214,c:13214) detachBuffer: slot 23 is not owned by the producer (state = FREE)
01-23 10:56:25.127 13214 13541 E BufferQueueProducer: [ImageReader-1x1f22u256m2-13214-0](id:339e00000004,api:3,p:13214,c:13214) detachBuffer: slot 24 is not owned by the producer (state = FREE)
01-23 10:56:25.127 13214 13541 E BufferQueueProducer: [ImageReader-1x1f22u256m2-13214-0](id:339e00000004,api:3,p:13214,c:13214) detachBuffer: slot 25 is not owned by the producer (state = FREE)
01-23 10:56:25.127 13214 13541 E BufferQueueProducer: [ImageReader-1x1f22u256m2-13214-0](id:339e00000004,api:3,p:13214,c:13214) detachBuffer: slot 26 is not owned by the producer (state = FREE)
01-23 10:56:25.127 13214 13541 E BufferQueueProducer: [ImageReader-1x1f22u256m2-13214-0](id:339e00000004,api:3,p:13214,c:13214) detachBuffer: slot 27 is not owned by the producer (state = FREE)
01-23 10:56:25.127 13214 13541 E BufferQueueProducer: [ImageReader-1x1f22u256m2-13214-0](id:339e00000004,api:3,p:13214,c:13214) detachBuffer: slot 28 is not owned by the producer (state = FREE)
01-23 10:56:25.127 13214 13541 E BufferQueueProducer: [ImageReader-1x1f22u256m2-13214-0](id:339e00000004,api:3,p:13214,c:13214) detachBuffer: slot 29 is not owned by the producer (state = FREE)
01-23 10:56:25.127 13214 13541 E BufferQueueProducer: [ImageReader-1x1f22u256m2-13214-0](id:339e00000004,api:3,p:13214,c:13214) detachBuffer: slot 30 is not owned by the producer (state = FREE)
01-23 10:56:25.127 13214 13541 E BufferQueueProducer: [ImageReader-1x1f22u256m2-13214-0](id:339e00000004,api:3,p:13214,c:13214) detachBuffer: slot 31 is not owned by the producer (state = FREE)
01-23 10:56:25.127 13214 13541 E BufferQueueProducer: [ImageReader-1x1f22u256m2-13214-0](id:339e00000004,api:3,p:13214,c:13214) detachBuffer: slot 32 is not owned by the producer (state = FREE)
01-23 10:56:25.131 13214 13541 E BufferQueueProducer: [ImageReader-1x1f22u256m2-13214-0](id:339e00000004,api:3,p:13214,c:13214) detachBuffer: slot 33 is not owned by the producer (state = FREE)
01-23 10:56:25.131 13214 13541 E BufferQueueProducer: [ImageReader-1x1f22u256m2-13214-0](id:339e00000004,api:3,p:13214,c:13214) detachBuffer: slot 34 is not owned by the producer (state = FREE)
01-23 10:56:25.131 13214 13541 E BufferQueueProducer: [ImageReader-1x1f22u256m2-13214-0](id:339e00000004,api:3,p:13214,c:13214) detachBuffer: slot 35 is not owned by the producer (state = FREE)
01-23 10:56:25.131 13214 13541 E BufferQueueProducer: [ImageReader-1x1f22u256m2-13214-0](id:339e00000004,api:3,p:13214,c:13214) detachBuffer: slot 36 is not owned by the producer (state = FREE)
01-23 10:56:25.132 13214 13541 E BufferQueueProducer: [ImageReader-1x1f22u256m2-13214-0](id:339e00000004,api:3,p:13214,c:13214) detachBuffer: slot 37 is not owned by the producer (state = FREE)
01-23 10:56:25.132 13214 13541 E BufferQueueProducer: [ImageReader-1x1f22u256m2-13214-0](id:339e00000004,api:3,p:13214,c:13214) detachBuffer: slot 38 is not owned by the producer (state = FREE)
01-23 10:56:25.132 13214 13541 E BufferQueueProducer: [ImageReader-1x1f22u256m2-13214-0](id:339e00000004,api:3,p:13214,c:13214)
detachBuffer: slot 39 is not owned by the producer (state = FREE)
01-23 10:56:25.133 13214 13541 E BufferQueueProducer: [ImageReader-1x1f22u256m2-13214-0](id:339e00000004,api:3,p:13214,c:13214) detachBuffer: slot 40 is not owned by the producer (state = FREE)
01-23 10:56:25.133 13214 13541 E BufferQueueProducer: [ImageReader-1x1f22u256m2-13214-0](id:339e00000004,api:3,p:13214,c:13214) detachBuffer: slot 41 is not owned by the producer (state = FREE)
01-23 10:56:25.134 13214 13541 E BufferQueueProducer: [ImageReader-1x1f22u256m2-13214-0](id:339e00000004,api:3,p:13214,c:13214) detachBuffer: slot 42 is not owned by the producer (state = FREE)
01-23 10:56:25.134 13214 13541 E BufferQueueProducer: [ImageReader-1x1f22u256m2-13214-0](id:339e00000004,api:3,p:13214,c:13214) detachBuffer: slot 43 is not owned by the producer (state = FREE)
01-23 10:56:25.134 13214 13541 E BufferQueueProducer: [ImageReader-1x1f22u256m2-13214-0](id:339e00000004,api:3,p:13214,c:13214) detachBuffer: slot 44 is not owned by the producer (state = FREE)
01-23 10:56:25.134 13214 13541 E BufferQueueProducer: [ImageReader-1x1f22u256m2-13214-0](id:339e00000004,api:3,p:13214,c:13214) detachBuffer: slot 45 is not owned by the producer (state = FREE)
01-23 10:56:25.134 13214 13541 E BufferQueueProducer: [ImageReader-1x1f22u256m2-13214-0](id:339e00000004,api:3,p:13214,c:13214) detachBuffer: slot 46 is not owned by the producer (state = FREE)
01-23 10:56:25.134 13214 13541 E BufferQueueProducer: [ImageReader-1x1f22u256m2-13214-0](id:339e00000004,api:3,p:13214,c:13214) detachBuffer: slot 47 is not owned by the producer (state = FREE)
01-23 10:56:25.134 13214 13541 E BufferQueueProducer: [ImageReader-1x1f22u256m2-13214-0](id:339e00000004,api:3,p:13214,c:13214) detachBuffer: slot 48 is not owned by the producer (state = FREE)
01-23 10:56:25.135 13214 13541 E BufferQueueProducer: [ImageReader-1x1f22u256m2-13214-0](id:339e00000004,api:3,p:13214,c:13214) detachBuffer: slot 49 is not owned by the producer (state = FREE)
01-23 10:56:25.135 13214 13541 E BufferQueueProducer: [ImageReader-1x1f22u256m2-13214-0](id:339e00000004,api:3,p:13214,c:13214) detachBuffer: slot 50 is not owned by the producer (state = FREE)
01-23 10:56:25.135 13214 13541 E BufferQueueProducer: [ImageReader-1x1f22u256m2-13214-0](id:339e00000004,api:3,p:13214,c:13214) detachBuffer: slot 51 is not owned by the producer (state = FREE)
01-23 10:56:25.135 13214 13541 E BufferQueueProducer: [ImageReader-1x1f22u256m2-13214-0](id:339e00000004,api:3,p:13214,c:13214) detachBuffer: slot 52 is not owned by the producer (state = FREE)
01-23 10:56:25.135 13214 13541 E BufferQueueProducer: [ImageReader-1x1f22u256m2-13214-0](id:339e00000004,api:3,p:13214,c:13214) detachBuffer: slot 53 is not owned by the producer (state = FREE)
01-23 10:56:25.135 13214 13541 E BufferQueueProducer: [ImageReader-1x1f22u256m2-13214-0](id:339e00000004,api:3,p:13214,c:13214) detachBuffer: slot 54 is not owned by the producer (state = FREE)
01-23 10:56:25.135 13214 13541 E BufferQueueProducer: [ImageReader-1x1f22u256m2-13214-0](id:339e00000004,api:3,p:13214,c:13214) detachBuffer: slot 55 is not owned by the producer (state = FREE)
01-23 10:56:25.135 13214 13541 E BufferQueueProducer: [ImageReader-1x1f22u256m2-13214-0](id:339e00000004,api:3,p:13214,c:13214) detachBuffer: slot 56 is not owned by the producer (state = FREE)
01-23 10:56:25.135 13214 13541 E BufferQueueProducer: [ImageReader-1x1f22u256m2-13214-0](id:339e00000004,api:3,p:13214,c:13214) detachBuffer: slot 57 is not owned by the producer (state = FREE)
01-23 10:56:25.135 13214 13541 E BufferQueueProducer: [ImageReader-1x1f22u256m2-13214-0](id:339e00000004,api:3,p:13214,c:13214) detachBuffer: slot 58 is not owned by the producer (state = FREE)
01-23 10:56:25.135 13214 13541 E BufferQueueProducer: [ImageReader-1x1f22u256m2-13214-0](id:339e00000004,api:3,p:13214,c:13214) detachBuffer: slot 59 is not owned by the producer (state = FREE)
01-23 10:56:25.135 13214 13541 E BufferQueueProducer: [ImageReader-1x1f22u256m2-13214-0](id:339e00000004,api:3,p:13214,c:13214) detachBuffer: slot 60 is not owned by the producer (state = FREE)
01-23 10:56:25.136 13214 13541 E BufferQueueProducer: [ImageReader-1x1f22u256m2-13214-0](id:339e00000004,api:3,p:13214,c:13214) detachBuffer: slot 61 is not owned by the producer (state = FREE)
01-23 10:56:25.136 13214 13541 E BufferQueueProducer: [ImageReader-1x1f22u256m2-13214-0](id:339e00000004,api:3,p:13214,c:13214) detachBuffer: slot 62 is not owned by the producer (state = FREE)
01-23 10:56:25.136 13214 13541 E BufferQueueProducer: [ImageReader-1x1f22u256m2-13214-0](id:339e00000004,api:3,p:13214,c:13214) detachBuffer: slot 63 is not owned by the producer (state = FREE)
01-23 10:56:25.146 13214 13487 W cr_MediaCodecBridge: Codec released
01-23 10:56:25.157 13214 13546 E BufferQueueProducer: [MediaCodec.release](id:339e00000005,api:0,p:-1,c:13214) detachBuffer: BufferQueue has no connected producer
01-23 10:56:25.664 13214 13214 E WindowManager: android.view.WindowLeaked: Activity com.mbwhatsapp.HomeActivity has leaked window DecorView@ff00e83[HomeActivity] that was originally added here
01-23 10:56:25.664 13214 13214 E WindowManager: 	at android.view.ViewRootImpl.<init>(ViewRootImpl.java:834)
01-23 10:56:25.664 13214 13214 E WindowManager: 	at android.view.ViewRootImpl.<init>(ViewRootImpl.java:818)
01-23 10:56:25.664 13214 13214 E WindowManager: 	at android.view.UnisocViewRootImpl.<init>(UnisocViewRootImpl.java:48)
01-23 10:56:25.664 13214 13214 E WindowManager: 	at android.view.UnisocViewRootImplFactory.makeViewRootImpl(UnisocViewRootImplFactory.java:33)
01-23 10:56:25.664 13214 13214 E WindowManager: 	at android.view.WindowManagerGlobal.addView(WindowManagerGlobal.java:398)
01-23 10:56:25.664 13214 13214 E WindowManager: 	at android.view.WindowManagerImpl.addView(WindowManagerImpl.java:133)
01-23 10:56:25.664 13214 13214 E WindowManager: 	at android.app.Dialog.show(Dialog.java:409)
01-23 10:56:25.664 13214 13214 E WindowManager: 	at mbmodsd.mbmodsw.update.MBUpdate.show(Native Method)
01-23 10:56:25.664 13214 13214 E WindowManager: 	at mbmodsd.mbmodsw.home.HomeActivity$2.onResponse(Native Method)
01-23 10:56:25.664 13214 13214 E WindowManager: 	at mbmodsd.mbmodsw.update.RequestNetworkController$3$2.run(Native Method)
01-23 10:56:25.664 13214 13214 E WindowManager: 	at android.os.Handler.handleCallback(Handler.java:938)
01-23 10:56:25.664 13214 13214 E WindowManager: 	at android.os.Handler.dispatchMessage(Handler.java:99)
01-23 10:56:25.664 13214 13214 E WindowManager: 	at android.os.Looper.loopOnce(Looper.java:201)
01-23 10:56:25.664 13214 13214 E WindowManager: 	at android.os.Looper.loop(Looper.java:288)
01-23 10:56:25.664 13214 13214 E WindowManager: 	at android.app.ActivityThread.main(ActivityThread.java:7996)
01-23 10:56:25.664 13214 13214 E WindowManager: 	at java.lang.reflect.Method.invoke(Native Method)
01-23 10:56:25.664 13214 13214 E WindowManager: 	at com.android.internal.os.RuntimeInit$MethodAndArgsCaller.run(RuntimeInit.java:553)
01-23 10:56:25.664 13214 13214 E WindowManager: 	at com.android.internal.os.ZygoteInit.main(ZygoteInit.java:1003)
01-23 10:56:43.139 14334 14334 E com.mbwhatsapp: Not starting debugger since process cannot load the jdwp agent.
01-23 10:56:43.391 14334 14334 W System.err: java.lang.ClassNotFoundException: mbmodsd.mbmodsw.ui.views.btn.BtnBK
01-23 10:56:43.391 14334 14334 W System.err: 	at java.lang.Runtime.nativeLoad(Native Method)
01-23 10:56:43.391 14334 14334 W System.err: 	at java.lang.Runtime.nativeLoad(Runtime.java:1126)
01-23 10:56:43.391 14334 14334 W System.err: 	at java.lang.Runtime.loadLibrary0(Runtime.java:1080)
01-23 10:56:43.391 14334 14334 W System.err: 	at java.lang.Runtime.loadLibrary0(Runtime.java:1003)
01-23 10:56:43.391 14334 14334 W System.err: 	at java.lang.System.loadLibrary(System.java:1661)
01-23 10:56:43.391 14334 14334 W System.err: 	at arm.EpicVm.<clinit>(Unknown Source:2)
01-23 10:56:43.391 14334 14334 W System.err: 	at java.lang.Class.newInstance(Native Method)
01-23
10:56:43.391 14334 14334 W System.err: 	at android.app.AppComponentFactory.instantiateApplication(AppComponentFactory.java:76)
01-23 10:56:43.391 14334 14334 W System.err: 	at androidx.core.app.CoreComponentFactory.instantiateApplication(Unknown Source:0)
01-23 10:56:43.391 14334 14334 W System.err: 	at android.app.Instrumentation.newApplication(Instrumentation.java:1177)
01-23 10:56:43.391 14334 14334 W System.err: 	at android.app.LoadedApk.makeApplication(LoadedApk.java:1366)
01-23 10:56:43.391 14334 14334 W System.err: 	at android.app.ActivityThread.handleBindApplication(ActivityThread.java:6819)
01-23 10:56:43.391 14334 14334 W System.err: 	at android.app.ActivityThread.access$1500(ActivityThread.java:277)
01-23 10:56:43.391 14334 14334 W System.err: 	at android.app.ActivityThread$H.handleMessage(ActivityThread.java:2132)
01-23 10:56:43.391 14334 14334 W System.err: 	at android.os.Handler.dispatchMessage(Handler.java:106)
01-23 10:56:43.391 14334 14334 W System.err: 	at android.os.Looper.loopOnce(Looper.java:201)
01-23 10:56:43.391 14334 14334 W System.err: 	at android.os.Looper.loop(Looper.java:288)
01-23 10:56:43.391 14334 14334 W System.err: 	at android.app.ActivityThread.main(ActivityThread.java:7996)
01-23 10:56:43.391 14334 14334 W System.err: 	at java.lang.reflect.Method.invoke(Native Method)
01-23 10:56:43.392 14334 14334 W System.err: 	at com.android.internal.os.RuntimeInit$MethodAndArgsCaller.run(RuntimeInit.java:553)
01-23 10:56:43.392 14334 14334 W System.err: 	at com.android.internal.os.ZygoteInit.main(ZygoteInit.java:1003)
01-23 10:56:43.472 14334 14334 E CustomActivityOnCrash: IMPORTANT WARNING! You already have an UncaughtExceptionHandler, are you sure this is correct? If you use a custom UncaughtExceptionHandler, you must initialize it AFTER CustomActivityOnCrash! Installing anyway, but your original handler will not be called.
01-23 10:56:44.697 14334 14334 W com.mbwhatsapp: Accessing hidden method Lcom/android/org/conscrypt/OpenSSLSocketImpl;->setUseSessionTickets(Z)V (max-target-q,core-platform-api, reflection, denied)
01-23 10:56:44.697 14334 14334 W com.mbwhatsapp: Accessing hidden method Lcom/android/org/conscrypt/AbstractConscryptSocket;->setUseSessionTickets(Z)V (max-target-q, reflection, denied)
01-23 10:56:46.317 14334 14334 W com.mbwhatsapp: type=1400 audit(0.0:82563): avc: granted { execute } for path="/data/data/com.mbwhatsapp/files/decompressed/libs.spk.zst/libc++_shared.so" dev="dm-11" ino=136583 scontext=u:r:untrusted_app:s0:c235,c256,c512,c768 tcontext=u:object_r:app_data_file:s0:c235,c256,c512,c768 tclass=file app=com.mbwhatsapp
01-23 10:56:46.321 14334 14334 W com.mbwhatsapp: type=1400 audit(0.0:82564): avc: granted { execute } for path="/data/data/com.mbwhatsapp/files/decompressed/libs.spk.zst/libvlc.so" dev="dm-11" ino=136427 scontext=u:r:untrusted_app:s0:c235,c256,c512,c768 tcontext=u:object_r:app_data_file:s0:c235,c256,c512,c768 tclass=file app=com.mbwhatsapp
01-23 10:56:46.329 14334 14334 W com.mbwhatsapp: type=1400 audit(0.0:82565): avc: granted { execute } for path="/data/data/com.mbwhatsapp/files/decompressed/libs.spk.zst/libwhatsapp.so" dev="dm-11" ino=136452 scontext=u:r:untrusted_app:s0:c235,c256,c512,c768 tcontext=u:object_r:app_data_file:s0:c235,c256,c512,c768 tclass=file app=com.mbwhatsapp
01-23 10:56:46.357 14334 14334 W com.mbwhatsapp: type=1400 audit(0.0:82566): avc: granted { execute } for path="/data/data/com.mbwhatsapp/files/decompressed/libs.spk.zst/libcurve25519.so" dev="dm-11" ino=133395 scontext=u:r:untrusted_app:s0:c235,c256,c512,c768 tcontext=u:object_r:app_data_file:s0:c235,c256,c512,c768 tclass=file app=com.mbwhatsapp
01-23 10:56:46.365 14334 14334 W com.mbwhatsapp: type=1400 audit(0.0:82567): avc: granted { execute } for path="/data/data/com.mbwhatsapp/files/decompressed/libs.spk.zst/libwhatsapp.so" dev="dm-11" ino=136452 scontext=u:r:untrusted_app:s0:c235,c256,c512,c768 tcontext=u:object_r:app_data_file:s0:c235,c256,c512,c768 tclass=file app=com.mbwhatsapp
01-23 10:56:46.365 14334 14334 W com.mbwhatsapp: type=1400 audit(0.0:82568): avc: granted { execute } for path="/data/data/com.mbwhatsapp/files/decompressed/libs.spk.zst/libwhatsapp.so" dev="dm-11" ino=136452 scontext=u:r:untrusted_app:s0:c235,c256,c512,c768 tcontext=u:object_r:app_data_file:s0:c235,c256,c512,c768 tclass=file app=com.mbwhatsapp
01-23 10:56:46.493 14334 14334 W CheckTime: App running slow: Executing handleBindApplication : callApplicationOnCreate took 2846ms
01-23 10:56:46.510 14334 14413 W com.mbwhatsapp: Method void X.2rL.A03(java.lang.Integer) failed lock verification and will run slower.
01-23 10:56:46.510 14334 14413 W com.mbwhatsapp: Common causes for lock verification issues are non-optimized dex code
01-23 10:56:46.510 14334 14413 W com.mbwhatsapp: and incorrect proguard optimizations.
01-23 10:56:46.517 14334 14334 W CheckTime: App running slow: Executing com.mbwhatsapp.appwidget.WidgetProvider scheduleReceive took 3271ms
01-23 10:56:48.150 14334 14334 W com.mbwhatsapp: Method void X.0eU.A0h(X.0tK, boolean) failed lock verification and will run slower.
01-23 10:56:48.415 14334 14334 W com.mbwhatsapp: Method void com.mbwhatsapp.HomeActivity.A6e() failed lock verification and will run slower.
01-23 10:56:48.896 14334 14334 E ArmVmp : Match on catch block at 0x0a in for 0x7c0d6e2031
01-23 10:56:48.928 14334 14334 E ArmVmp : Match on catch block at 0x0a in for 0x7c0d6e204d
01-23 10:56:49.000 14334 14525 W com.mbwhatsapp: Accessing hidden method Lcom/android/org/conscrypt/ConscryptEngineSocket;->setUseSessionTickets(Z)V (max-target-q,core-platform-api, reflection, denied)
01-23 10:56:49.000 14334 14525 W com.mbwhatsapp: Accessing hidden method Lcom/android/org/conscrypt/OpenSSLSocketImpl;->setUseSessionTickets(Z)V (max-target-q,core-platform-api, reflection, denied)
01-23 10:56:49.000 14334 14525 W com.mbwhatsapp: Accessing hidden method Lcom/android/org/conscrypt/AbstractConscryptSocket;->setUseSessionTickets(Z)V (max-target-q, reflection, denied)
01-23 10:56:49.000 14334 14525 W com.mbwhatsapp: Accessing hidden method Lcom/android/org/conscrypt/ConscryptEngineSocket;->setHostname(Ljava/lang/String;)V (max-target-q,core-platform-api, reflection, denied)
01-23 10:56:49.000 14334 14525 W com.mbwhatsapp: Accessing hidden method Lcom/android/org/conscrypt/OpenSSLSocketImpl;->setHostname(Ljava/lang/String;)V (max-target-q,core-platform-api, reflection, denied)
01-23 10:56:49.000 14334 14525 W com.mbwhatsapp: Accessing hidden method Lcom/android/org/conscrypt/AbstractConscryptSocket;->setHostname(Ljava/lang/String;)V (max-target-q, reflection, denied)
01-23 10:56:49.000 14334 14525 W com.mbwhatsapp: Accessing hidden method Lcom/android/org/conscrypt/OpenSSLSocketImpl;->setAlpnProtocols([B)V (max-target-q,core-platform-api, reflection, denied)
01-23 10:56:49.000 14334 14525 W com.mbwhatsapp: Accessing hidden method Lcom/android/org/conscrypt/AbstractConscryptSocket;->setAlpnProtocols([B)V (max-target-q, reflection, denied)
01-23 10:56:49.150 14334 14525 W com.mbwhatsapp: Accessing hidden method Lcom/android/org/conscrypt/OpenSSLSocketImpl;->getAlpnSelectedProtocol()[B (max-target-q,core-platform-api, reflection, denied)
01-23 10:56:49.150 14334 14525 W com.mbwhatsapp: Accessing hidden method Lcom/android/org/conscrypt/AbstractConscryptSocket;->getAlpnSelectedProtocol()[B (max-target-q, reflection, denied)
01-23 10:56:49.205 14334 14334 W CheckTime: App running slow: Executing com.mbwhatsapp.yo.WidgetProvider scheduleReceive took 342ms
01-23 10:56:49.506 14334 14518 W libc : Access denied finding property "vendor.mali.config"
01-23 10:56:49.951 14334 14334 E RecyclerView: No adapter attached; skipping layout
01-23 10:56:50.318 14334 14334 E RecyclerView: No adapter attached; skipping layout
01-23 10:56:50.319 14334 14334 W View : requestLayout() improperly called by androidx.appcompat.view.menu.ActionMenuItemView{42872cc VFED..C.. ......ID 194,0-290,0 #7f0b0f8a app:id/menuitem_search} during layout: running second layout pass
01-23 10:56:50.319 14334 14334
W View : requestLayout() improperly called by androidx.appcompat.widget.ActionMenuView{dfb3915 V.E...... ......ID 280,250-754,250} during layout: running second layout pass
01-23 10:56:50.345 14334 14334 E ArmVmp : Match on catch block at 0x0a in for 0x7c0d6e2035
01-23 10:56:50.491 14334 14334 W View : requestLayout() improperly called by DecorView@96deebe[HomeActivity] during second layout pass: posting in next frame
01-23 10:56:50.537 14334 14616 W LOTTIE : Animation contains merge paths. Merge paths are only supported on KitKat+ and must be manually enabled by calling enableMergePathsForKitKatAndAbove().
01-23 10:56:50.758 14334 14334 W LOTTIE : Animation contains merge paths but they are disabled.
01-23 10:56:51.065 14334 14349 W com.mbwhatsapp: Cleared Reference was only reachable from finalizer (only reported once)
01-23 10:56:51.296 14334 14334 E ArmVmp : Match on catch block at 0x5b in for 0x7c0d6e201d
01-23 10:56:51.308 14334 14334 E ArmVmp : Match on catch block at 0x5b in for 0x7c0d6e201d
01-23 10:56:51.321 14334 14334 W pool-6-thread-1: type=1400 audit(0.0:82593): avc: granted { execute } for path="/data/data/com.mbwhatsapp/files/decompressed/libs.spk.zst/libgifimage.so" dev="dm-11" ino=125854 scontext=u:r:untrusted_app:s0:c235,c256,c512,c768 tcontext=u:object_r:app_data_file:s0:c235,c256,c512,c768 tclass=file app=com.mbwhatsapp
01-23 10:56:51.327 14334 14334 E ArmVmp : Match on catch block at 0x5b in for 0x7c0d6e201d
01-23 10:56:51.352 14334 14334 E ArmVmp : Match on catch block at 0x5b in for 0x7c0d6e201d
01-23 10:56:59.753 14334 14831 E RenderScript: Failed loading RS driver: dlopen failed: library "libRSDriverArm.so" not found
01-23 10:56:59.753 14334 14831 E RenderScript: Failed to load runtime libRSDriverArm.so, loading default
01-23 10:56:59.886 14334 14616 W LOTTIE : Unknown shape type rd
01-23 10:56:59.963 14334 14334 E ArmVmp : Match on catch block at 0x0a in for 0x7c0d6e2035
01-23 10:56:59.971 14334 14334 E ArmVmp : Match on catch block at 0x0a in for 0x7c0d6e2035
01-23 10:57:00.006 14334 14334 E ArmVmp : Match on catch block at 0x0a in for 0x7c0d6e2071
01-23 10:57:00.016 14334 14334 E Dialog : show dialog view = DecorView@8a10b3f[Conversation]
01-23 10:57:00.275 14334 14334 E ArmVmp : Match on catch block at 0xc3 in for 0x7c0d6e2021
01-23 10:57:00.282 14334 14334 E ArmVmp : Match on catch block at 0xc3 in for 0x7c0d6e2021
01-23 10:57:00.401 14334 14334 E ArmVmp : Match on catch block at 0xc3 in for 0x7c0d6e2025
01-23 10:57:00.404 14334 14334 E ArmVmp : Match on catch block at 0xc3 in for 0x7c0d6e2025
01-23 10:57:00.476 14334 14334 E ArmVmp : Match on catch block at 0xc3 in for 0x7c0d6e2025
01-23 10:57:00.480 14334 14334 E ArmVmp : Match on catch block at 0xc3 in for 0x7c0d6e2025
01-23 10:57:00.543 14334 14334 E ArmVmp : Match on catch block at 0xc3 in for 0x7c0d6e2025
01-23 10:57:00.548 14334 14334 E ArmVmp : Match on catch block at 0xc3 in for 0x7c0d6e2025
01-23 10:57:00.596 14334 14334 E ArmVmp : Match on catch block at 0xc3 in for 0x7c0d6e2025
01-23 10:57:00.600 14334 14334 E ArmVmp : Match on catch block at 0xc3 in for 0x7c0d6e2025
01-23 10:57:00.618 14334 14334 E ArmVmp : Match on catch block at 0xc3 in for 0x7c0d6e2025
01-23 10:57:00.620 14334 14334 E ArmVmp : Match on catch block at 0xc3 in for 0x7c0d6e2025
01-23 10:57:00.633 14334 14334 E ArmVmp : Match on catch block at 0xc3 in for 0x7c0d6e2025
01-23 10:57:00.637 14334 14334 E ArmVmp : Match on catch block at 0xc3 in for 0x7c0d6e2025
01-23 10:57:00.655 14334 14334 E ArmVmp : Match on catch block at 0xc3 in for 0x7c0d6e2025
01-23 10:57:00.660 14334 14334 E ArmVmp : Match on catch block at 0xc3 in for 0x7c0d6e2025
01-23 10:57:00.896 14334 14334 E ArmVmp : Match on catch block at 0xc3 in for 0x7c0d6e2025
01-23 10:57:00.900 14334 14334 E ArmVmp : Match on catch block at 0xc3 in for 0x7c0d6e2025
01-23 10:57:00.917 14334 14334 E ArmVmp : Match on catch block at 0xc3 in for 0x7c0d6e2025
01-23 10:57:00.920 14334 14334 E ArmVmp : Match on catch block at 0xc3 in for 0x7c0d6e2025
01-23 10:57:00.936 14334 14334 E ArmVmp : Match on catch block at 0xc3 in for 0x7c0d6e2025
01-23 10:57:00.940 14334 14334 E ArmVmp : Match on catch block at 0xc3 in for 0x7c0d6e2025
01-23 10:57:00.955 14334 14334 E ArmVmp : Match on catch block at 0xc3 in for 0x7c0d6e2025
01-23 10:57:00.957 14334 14334 E ArmVmp : Match on catch block at 0xc3 in for 0x7c0d6e2025
01-23 10:57:00.972 14334 14334 E ArmVmp : Match on catch block at 0xc3 in for 0x7c0d6e2025
01-23 10:57:00.976 14334 14334 E ArmVmp : Match on catch block at 0xc3 in for 0x7c0d6e2025
01-23 10:57:00.991 14334 14334 E ArmVmp : Match on catch block at 0xc3 in for 0x7c0d6e2025
01-23 10:57:00.995 14334 14334 E ArmVmp : Match on catch block at 0xc3 in for 0x7c0d6e2025
01-23 10:57:01.008 14334 14334 E ArmVmp : Match on catch block at 0xc3 in for 0x7c0d6e2025
01-23 10:57:01.010 14334 14334 E ArmVmp : Match on catch block at 0xc3 in for 0x7c0d6e2025
01-23 10:57:01.035 14334 14334 E ArmVmp : Match on catch block at 0xc3 in for 0x7c0d6e2025
01-23 10:57:01.039 14334 14334 E ArmVmp : Match on catch block at 0xc3 in for 0x7c0d6e2025
01-23 10:57:01.055 14334 14334 E ArmVmp : Match on catch block at 0xc3 in for 0x7c0d6e2025
01-23 10:57:01.058 14334 14334 E ArmVmp : Match on catch block at 0xc3 in for 0x7c0d6e2025
01-23 10:57:01.071 14334 14334 E ArmVmp : Match on catch block at 0xc3 in for 0x7c0d6e2025
01-23 10:57:01.073 14334 14334 E ArmVmp : Match on catch block at 0xc3 in for 0x7c0d6e2025
01-23 10:57:01.088 14334 14334 E ArmVmp : Match on catch block at 0xc3 in for 0x7c0d6e2025
01-23 10:57:01.092 14334 14334 E ArmVmp : Match on catch block at 0xc3 in for 0x7c0d6e2025
01-23 10:57:01.106 14334 14334 E ArmVmp : Match on catch block at 0xc3 in for 0x7c0d6e2025
01-23 10:57:01.109 14334 14334 E ArmVmp : Match on catch block at 0xc3 in for 0x7c0d6e2025
01-23 10:57:01.121 14334 14334 E ArmVmp : Match on catch block at 0xc3 in for 0x7c0d6e2025
01-23 10:57:01.124 14334 14334 E ArmVmp : Match on catch block at 0xc3 in for 0x7c0d6e2025
01-23 10:57:01.139 14334 14334 E ArmVmp : Match on catch block at 0xc3 in for 0x7c0d6e2025
01-23 10:57:01.141 14334 14334 E ArmVmp : Match on catch block at 0xc3 in for 0x7c0d6e2025
01-23 10:57:01.155 14334 14334 E ArmVmp : Match on catch block at 0xc3 in for 0x7c0d6e2025
01-23 10:57:01.158 14334 14334 E ArmVmp : Match on catch block at 0xc3 in for 0x7c0d6e2025
01-23 10:57:01.175 14334 14334 E ArmVmp : Match on catch block at 0xc3 in for 0x7c0d6e2025
01-23 10:57:01.179 14334 14334 E ArmVmp : Match on catch block at 0xc3 in for 0x7c0d6e2025
01-23 10:57:01.196 14334 14334 E ArmVmp : Match on catch block at 0xc3 in for 0x7c0d6e2025
01-23 10:57:01.200 14334 14334 E ArmVmp : Match on catch block at 0xc3 in for 0x7c0d6e2025
01-23 10:57:01.704 14334 14334 E ArmVmp : Match on catch block at 0xc3 in for 0x7c0d6e2025
01-23 10:57:01.708 14334 14334 E ArmVmp : Match on catch block at 0xc3 in for 0x7c0d6e2025
01-23 10:57:01.766 14334 14334 E Dialog : remove dialog view = DecorView@8a10b3f[Conversation]
01-23 10:57:01.852 14334 14334 E ArmVmp : Match on catch block at 0xc3 in for 0x7c0d6e2025
01-23 10:57:01.856 14334 14334 E ArmVmp : Match on catch block at 0xc3 in for 0x7c0d6e2025
01-23 10:57:01.863 14334 14334 E ArmVmp : Match on catch block at 0xc3 in for 0x7c0d6e2025
01-23 10:57:01.866 14334 14334 E ArmVmp : Match on catch block at 0xc3 in for 0x7c0d6e2025
01-23 10:57:01.877 14334 14334 E ArmVmp : Match on catch block at 0xc3 in for 0x7c0d6e2025
01-23 10:57:01.881 14334 14334 E ArmVmp : Match on catch block at 0xc3 in for 0x7c0d6e2025
01-23 10:57:01.893 14334 14334 E ArmVmp : Match on catch block at 0xc3 in for 0x7c0d6e2025
01-23 10:57:01.897 14334 14334 E ArmVmp : Match on catch block at 0xc3 in for 0x7c0d6e2025
01-23 10:57:01.910 14334 14334 E ArmVmp : Match on catch block at 0xc3 in for 0x7c0d6e2025
01-23 10:57:01.914 14334 14334 E ArmVmp : Match on catch block at 0xc3 in for 0x7c0d6e2025
01-23 10:57:01.927 14334
14334 E ArmVmp : Match on catch block at 0xc3 in for 0x7c0d6e2025
01-23 10:57:01.933 14334 14334 E ArmVmp : Match on catch block at 0xc3 in for 0x7c0d6e2025
01-23 10:57:01.943 14334 14334 E ArmVmp : Match on catch block at 0xc3 in for 0x7c0d6e2025
01-23 10:57:01.949 14334 14334 E ArmVmp : Match on catch block at 0xc3 in for 0x7c0d6e2025
01-23 10:57:02.127 14334 14334 E ArmVmp : Match on catch block at 0xc3 in for 0x7c0d6e2025
01-23 10:57:02.131 14334 14334 E ArmVmp : Match on catch block at 0xc3 in for 0x7c0d6e2025
01-23 10:57:02.144 14334 14334 E ArmVmp : Match on catch block at 0xc3 in for 0x7c0d6e2025
01-23 10:57:02.149 14334 14334 E ArmVmp : Match on catch block at 0xc3 in for 0x7c0d6e2025
01-23 10:57:02.160 14334 14334 E ArmVmp : Match on catch block at 0xc3 in for 0x7c0d6e2025
01-23 10:57:02.165 14334 14334 E ArmVmp : Match on catch block at 0xc3 in for 0x7c0d6e2025
01-23 10:57:02.177 14334 14334 E ArmVmp : Match on catch block at 0xc3 in for 0x7c0d6e2025
01-23 10:57:02.181 14334 14334 E ArmVmp : Match on catch block at 0xc3 in for 0x7c0d6e2025
01-23 10:57:02.193 14334 14334 E ArmVmp : Match on catch block at 0xc3 in for 0x7c0d6e2025
01-23 10:57:02.197 14334 14334 E ArmVmp : Match on catch block at 0xc3 in for 0x7c0d6e2025
01-23 10:57:02.210 14334 14334 E ArmVmp : Match on catch block at 0xc3 in for 0x7c0d6e2025
01-23 10:57:02.216 14334 14334 E ArmVmp : Match on catch block at 0xc3 in for 0x7c0d6e2025
01-23 10:57:02.227 14334 14334 E ArmVmp : Match on catch block at 0xc3 in for 0x7c0d6e2025
01-23 10:57:02.232 14334 14334 E ArmVmp : Match on catch block at 0xc3 in for 0x7c0d6e2025
01-23 10:57:02.243 14334 14334 E ArmVmp : Match on catch block at 0xc3 in for 0x7c0d6e2025
01-23 10:57:02.248 14334 14334 E ArmVmp : Match on catch block at 0xc3 in for 0x7c0d6e2025
01-23 10:57:02.260 14334 14334 E ArmVmp : Match on catch block at 0xc3 in for 0x7c0d6e2025
01-23 10:57:02.264 14334 14334 E ArmVmp : Match on catch block at 0xc3 in for 0x7c0d6e2025
01-23 10:57:02.277 14334 14334 E ArmVmp : Match on catch block at 0xc3 in for 0x7c0d6e2025
01-23 10:57:02.281 14334 14334 E ArmVmp : Match on catch block at 0xc3 in for 0x7c0d6e2025
01-23 10:57:02.294 14334 14334 E ArmVmp : Match on catch block at 0xc3 in for 0x7c0d6e2025
01-23 10:57:02.298 14334 14334 E ArmVmp : Match on catch block at 0xc3 in for 0x7c0d6e2025
01-23 10:57:02.311 14334 14334 E ArmVmp : Match on catch block at 0xc3 in for 0x7c0d6e2025
01-23 10:57:02.317 14334 14334 E ArmVmp : Match on catch block at 0xc3 in for 0x7c0d6e2025
01-23 10:57:02.327 14334 14334 E ArmVmp : Match on catch block at 0xc3 in for 0x7c0d6e2025
01-23 10:57:02.331 14334 14334 E ArmVmp : Match on catch block at 0xc3 in for 0x7c0d6e2025
01-23 10:57:02.345 14334 14334 E ArmVmp : Match on catch block at 0xc3 in for 0x7c0d6e2025
01-23 10:57:02.350 14334 14334 E ArmVmp : Match on catch block at 0xc3 in for 0x7c0d6e2025
01-23 10:57:02.360 14334 14334 E ArmVmp : Match on catch block at 0xc3 in for 0x7c0d6e2025
01-23 10:57:02.365 14334 14334 E ArmVmp : Match on catch block at 0xc3 in for 0x7c0d6e2025
01-23 10:57:02.377 14334 14334 E ArmVmp : Match on catch block at 0xc3 in for 0x7c0d6e2025
01-23 10:57:02.382 14334 14334 E ArmVmp : Match on catch block at 0xc3 in for 0x7c0d6e2025
01-23 10:57:02.393 14334 14334 E ArmVmp : Match on catch block at 0xc3 in for 0x7c0d6e2025
01-23 10:57:02.397 14334 14334 E ArmVmp : Match on catch block at 0xc3 in for 0x7c0d6e2025
01-23 10:57:02.701 14334 14334 E ArmVmp : Match on catch block at 0xc3 in for 0x7c0d6e2025
01-23 10:57:02.708 14334 14334 E ArmVmp : Match on catch block at 0xc3 in for 0x7c0d6e2025
01-23 10:57:02.716 14334 14334 E ArmVmp : Match on catch block at 0xc3 in for 0x7c0d6e2025
01-23 10:57:02.720 14334 14334 E ArmVmp : Match on catch block at 0xc3 in for 0x7c0d6e2025
01-23 10:57:02.828 14334 14334 E ArmVmp : Match on catch block at 0xc3 in for 0x7c0d6e2025
01-23 10:57:02.833 14334 14334 E ArmVmp : Match on catch block at 0xc3 in for 0x7c0d6e2025
01-23 10:57:03.030 14334 14334 E ArmVmp : Match on catch block at 0xc3 in for 0x7c0d6e2025
01-23 10:57:03.034 14334 14334 E ArmVmp : Match on catch block at 0xc3 in for 0x7c0d6e2025
01-23 10:57:03.325 14334 14334 E ArmVmp : Match on catch block at 0xc3 in for 0x7c0d6e2025
01-23 10:57:03.335 14334 14334 E ArmVmp : Match on catch block at 0xc3 in for 0x7c0d6e2025
01-23 10:57:03.344 14334 14334 E ArmVmp : Match on catch block at 0xc3 in for 0x7c0d6e2025
01-23 10:57:03.355 14334 14334 E ArmVmp : Match on catch block at 0xc3 in for 0x7c0d6e2025
01-23 10:57:03.847 14334 14334 E ArmVmp : Match on catch block at 0xc3 in for 0x7c0d6e2025
01-23 10:57:03.850 14334 14334 E ArmVmp : Match on catch block at 0xc3 in for 0x7c0d6e2025
01-23 10:57:03.900 14334 14334 E ArmVmp : Match on catch block at 0xc3 in for 0x7c0d6e2025
01-23 10:57:03.904 14334 14334 E ArmVmp : Match on catch block at 0xc3 in for 0x7c0d6e2025
01-23 10:57:03.918 14334 14334 E ArmVmp : Match on catch block at 0xc3 in for 0x7c0d6e2025
01-23 10:57:03.922 14334 14334 E ArmVmp : Match on catch block at 0xc3 in for 0x7c0d6e2025
01-23 10:57:03.938 14334 14334 E ArmVmp : Match on catch block at 0xc3 in for 0x7c0d6e2025
01-23 10:57:03.941 14334 14334 E ArmVmp : Match on catch block at 0xc3 in for 0x7c0d6e2025
01-23 10:57:03.947 14334 14334 E ArmVmp : Match on catch block at 0xc3 in for 0x7c0d6e2025
01-23 10:57:03.953 14334 14334 E ArmVmp : Match on catch block at 0xc3 in for 0x7c0d6e2025
01-23 10:57:04.001 14334 14334 E ArmVmp : Match on catch block at 0xc3 in for 0x7c0d6e2025
01-23 10:57:04.005 14334 14334 E ArmVmp : Match on catch block at 0xc3 in for 0x7c0d6e2025
01-23 10:57:04.017 14334 14334 E ArmVmp : Match on catch block at 0xc3 in for 0x7c0d6e2025
01-23 10:57:04.021 14334 14334 E ArmVmp : Match on catch block at 0xc3 in for 0x7c0d6e2025
01-23 10:57:04.030 14334 14334 E ArmVmp : Match on catch block at 0xc3 in for 0x7c0d6e2025
01-23 10:57:04.034 14334 14334 E ArmVmp : Match on catch block at 0xc3 in for 0x7c0d6e2025
01-23 10:57:04.047 14334 14334 E ArmVmp : Match on catch block at 0xc3 in for 0x7c0d6e2025
01-23 10:57:04.053 14334 14334 E ArmVmp : Match on catch block at 0xc3 in for 0x7c0d6e2025
01-23 10:57:04.064 14334 14334 E ArmVmp : Match on catch block at 0xc3 in for 0x7c0d6e2025
01-23 10:57:04.070 14334 14334 E ArmVmp : Match on catch block at 0xc3 in for 0x7c0d6e2025
01-23 10:57:04.080 14334 14334 E ArmVmp : Match on catch block at 0xc3 in for 0x7c0d6e2025
01-23 10:57:04.085 14334 14334 E ArmVmp : Match on catch block at 0xc3 in for 0x7c0d6e2025
01-23 10:57:04.096 14334 14334 E ArmVmp : Match on catch block at 0xc3 in for 0x7c0d6e2025
01-23 10:57:04.101 14334 14334 E ArmVmp : Match on catch block at 0xc3 in for 0x7c0d6e2025
01-23 10:57:04.297 14334 14334 E ArmVmp : Match on catch block at 0xc3 in for 0x7c0d6e2025
01-23 10:57:04.300 14334 14334 E ArmVmp : Match on catch block at 0xc3 in for 0x7c0d6e2025
01-23 10:57:04.698 14334 14334 E ArmVmp : Match on catch block at 0xc3 in for 0x7c0d6e2025
01-23 10:57:04.700 14334 14334 E ArmVmp : Match on catch block at 0xc3 in for 0x7c0d6e2025
01-23 10:57:04.728 14334 14334 E ArmVmp : Match on catch block at 0xc3 in for 0x7c0d6e2025
01-23 10:57:04.734 14334 14334 E ArmVmp : Match on catch block at 0xc3 in for 0x7c0d6e2025
01-23 10:57:04.789 14334 14334 E ArmVmp : Match on catch block at 0xc3 in for 0x7c0d6e2025
01-23 10:57:04.792 14334 14334 E ArmVmp : Match on catch block at 0xc3 in for 0x7c0d6e2025
01-23 10:57:04.798 14334 14334 E ArmVmp : Match on catch block at 0xc3 in for 0x7c0d6e2025
01-23 10:57:04.804 14334 14334 E ArmVmp : Match on catch block at 0xc3 in for 0x7c0d6e2025
01-23 10:57:04.815 14334 14334 E ArmVmp : Match on catch block at 0xc3 in for 0x7c0d6e2025
01-23 10:57:04.820 14334 14334 E ArmVmp : Match on catch block at 0xc3 in for 0x7c0d6e2025
01-23 10:57:04.831 14334 14334 E ArmVmp : Match on catch block at 0xc3 in for 0x7c0d6e2025
01-23 10:57:04.837 14334 14334 E ArmVmp : Match on catch block at 0xc3
in for 0x7c0d6e2025
01-23 10:57:04.848 14334 14334 E ArmVmp : Match on catch block at 0xc3 in for 0x7c0d6e2025
01-23 10:57:04.852 14334 14334 E ArmVmp : Match on catch block at 0xc3 in for 0x7c0d6e2025
01-23 10:57:04.885 14334 14334 E ArmVmp : Match on catch block at 0xc3 in for 0x7c0d6e2025
01-23 10:57:04.891 14334 14334 E ArmVmp : Match on catch block at 0xc3 in for 0x7c0d6e2025
01-23 10:57:04.903 14334 14334 E ArmVmp : Match on catch block at 0xc3 in for 0x7c0d6e2025
01-23 10:57:04.911 14334 14334 E ArmVmp : Match on catch block at 0xc3 in for 0x7c0d6e2025
01-23 10:57:04.946 14334 14334 E ArmVmp : Match on catch block at 0xc3 in for 0x7c0d6e2025
01-23 10:57:04.948 14334 14334 E ArmVmp : Match on catch block at 0xc3 in for 0x7c0d6e2025
01-23 10:57:04.957 14334 14334 E ArmVmp : Match on catch block at 0xc3 in for 0x7c0d6e2025
01-23 10:57:04.960 14334 14334 E ArmVmp : Match on catch block at 0xc3 in for 0x7c0d6e2025
01-23 10:57:05.067 14334 14334 E ArmVmp : Match on catch block at 0xc3 in for 0x7c0d6e2025
01-23 10:57:05.070 14334 14334 E ArmVmp : Match on catch block at 0xc3 in for 0x7c0d6e2025
01-23 10:57:05.081 14334 14334 E ArmVmp : Match on catch block at 0xc3 in for 0x7c0d6e2025
01-23 10:57:05.088 14334 14334 E ArmVmp : Match on catch block at 0xc3 in for 0x7c0d6e2025
01-23 10:57:05.106 14334 14334 E ArmVmp : Match on catch block at 0xc3 in for 0x7c0d6e2025
01-23 10:57:05.110 14334 14334 E ArmVmp : Match on catch block at 0xc3 in for 0x7c0d6e2025
01-23 10:57:05.118 14334 14334 E ArmVmp : Match on catch block at 0xc3 in for 0x7c0d6e2025
01-23 10:57:05.120 14334 14334 E ArmVmp : Match on catch block at 0xc3 in for 0x7c0d6e2025
